{"id":304,"date":"2019-02-14T11:36:16","date_gmt":"2019-02-14T11:36:16","guid":{"rendered":"http:\/\/mad.dhitech.it\/?page_id=304"},"modified":"2026-01-30T10:28:39","modified_gmt":"2026-01-30T10:28:39","slug":"risultati","status":"publish","type":"page","link":"https:\/\/mad.dhitech.it\/?page_id=304","title":{"rendered":"Risultati"},"content":{"rendered":"<!-- wp:themify-builder\/canvas \/-->\n\n<\/p>","protected":false},"excerpt":{"rendered":"","protected":false},"author":2,"featured_media":0,"parent":0,"menu_order":0,"comment_status":"closed","ping_status":"closed","template":"","meta":{"footnotes":""},"class_list":["post-304","page","type-page","status-publish","hentry","has-post-title","has-post-date","has-post-category","has-post-tag","has-post-comment","has-post-author",""],"builder_content":"<h3>Dimostratore scientifico MAD: Enclosure AM per esperimento SABRE <\/h3> <p><img src=\"http:\/\/mad.dhitech.it\/wp-content\/uploads\/2026\/01\/Immagine1-2-116x300.png\" alt=\"\" width=\"154\" height=\"400\" \/><\/p> <p>L\u2019Enclosure \u2013 o \"Alloggiamento\" - dell\u2019esperimento internazionale SABRE (<i>Sodium<\/i> <i>Iodide<\/i><i> with Active Background <\/i><i>Rejection<\/i>) in cui <strong>l\u2019INFN<\/strong> collabora coinvolgendo diverse sedi (<strong>Roma<\/strong>, <strong>Lecce<\/strong> ed <strong>LNGS<\/strong>), \u00e8 una capsula in grado ospitare al proprio interno l\u2019apparato rivelatore mantenendolo in un\u2019atmosfera protetta. Il cristallo di ioduro di sodio drogato al tallio, prodotto con tecnologie avanzate in grado di prevenirne la contaminazione con radionuclidi che comprometterebbero la misura di materia oscura \u2013 obiettivo finale dell\u2019apparato - ed elemento cardine del rivelatore, viene tenuto in posizione tramite una struttura interamente realizzata in AM, (al netto di alcuni elementi di unione commerciali), dopo un\u2019accurata ed estensiva fase di caratterizzazione delle resine costitutive tramite tecniche spettrometriche (ICP-MS ed HPGe), di ottimizzazione del design per garantire una procedura snella di assemblaggio all\u2019interno di una Glove Box ed una minimizzazione del materiale necessario (fonte di rumore nel segnale in uscita) nonch\u00e9 di prototipazione con macchinari di manifattura additiva polimerica a tecnologia Fused Deposition Modelling (FDM) e Polyjet. La geometria dei supporti interni \u00e8 stata ottimizzata sia per garantire la resistenza meccanica necessaria nelle varie fasi sia per garantire il passaggio dei cavi di alimentazione dei fotomoltiplicatori (PMTs). In collaborazione con INFN Lecce sono stati definiti e realizzati dei supporti specifici per garantire una pressione controllata ed uniforme dei PMTs sulle due facce opposte del cristallo ed il sistema di supporto interno \u00e8 stato concepito per garantire di poter alloggiare un cristallo al netto delle possibili variazioni geometriche di quest\u2019ultimo. Il design della schermatura esterna garantisce un\u2019esposizione del rivelatore al solo gas inerte, una geometria ottimizzata per l\u2019assemblaggio, ed una realizzazione AM con macchinario PBF-LB, (sinergia con INFN-LNGS) senza applicazione di supporti interni.<\/p>\n<p><img src=\"http:\/\/mad.dhitech.it\/wp-content\/uploads\/2026\/01\/Immagine_intermezzo-300x211.png\" alt=\"\" width=\"568\" height=\"400\" \/><\/p>\n<ul> <li>Estrema rapidit\u00e0 produttiva sia prototipale che funzionale.<\/li> <li>Riduzione dei tempi di messa in opera di apparati di rivelazione modulari - come nel caso di SABRE - e di ottenimento dei risultati.<\/li> <li>Elevata versatilit\u00e0 ed adattabilit\u00e0 dimensionale alla tipologia del rivelatore in questione.<\/li> <li>Migliorata semplicit\u00e0 della procedura di assemblaggio.<\/li> <li>Minimizzazione del materiale necessario con conseguente riduzione del rumore di fondo<\/li> <\/ul> <p><img src=\"http:\/\/mad.dhitech.it\/wp-content\/uploads\/2026\/01\/Immagine3-1-300x190.png\" alt=\"\" width=\"394\" height=\"250\" \/><\/p>\n\n<h3>Urban Earth Wall<\/h3> <p><img src=\"http:\/\/mad.dhitech.it\/wp-content\/uploads\/2026\/01\/urban-earth-wall.jpg\" alt=\"\" width=\"290\" height=\"410\" \/><\/p> <p>Il dimostratore \"<strong>Urban Earth Wall<\/strong>\" \u00e8 un elemento di arredo urbano innovativo concepito per contrastare le isole di calore urbane, un fenomeno che affligge le aree cittadine, dove l'assenza di vegetazione, l'uso di materiali termo-assorbenti e l'attivit\u00e0 antropica innalzano significativamente le temperature. Installato nel \"Parco Aldo Moro\" di Matera, il dimostratore \u00e8 stato progettato in modo da richiamare la forma di un <em>tholos<\/em> (una antica costruzione di forma circolare in uso alle popolazioni mediterranee), con la finalit\u00e0 di fornire protezione dagli agenti atmosferici, assicurando quindi alla comunit\u00e0 urbana una zona di ombra, sosta e riposo. La struttura, alta complessivamente tre metri e articolata su sei livelli, \u00e8 composta da una serie di blocchi modulari di 50 cm di altezza, disposti a formare una circonferenza di due metri di diametro. La sua particolare geometria non \u00e8 casuale, n\u00e9 risponde solamente a esigenze estetiche. La progettazione \u00e8 infatti stata condotta utilizzando software per l\u2019analisi di dati climatici specifici del sito (vento, sole, temperatura), che hanno poi portato alla definizione di una configurazione geometrica che ottimizzasse le <strong>performance di benessere interno<\/strong>. I blocchi sono realizzati con un <strong>biomateriale<\/strong> stampato in 3D a base di <strong>argilla<\/strong> e <strong>lolla<\/strong> <strong>di<\/strong> <strong>riso<\/strong>, scelto per le sue prestazioni avanzate. La struttura fa affidamento al solo raffrescamento passivo, assicurato dal particolare design dei blocchi che la compongono. Il raggiungimento di condizioni ottimali di comfort interno \u00e8 garantito da pi\u00f9 meccanismi. In primo luogo, la presenza di fessure tra i blocchi assicura una buona ventilazione dell\u2019ambiente interno, oltre a costituire un elemento estetico distintivo. Tali aperture, unite a una geometria pi\u00f9 complessa nelle aree maggiormente colpite dal sole, favoriscono la circolazione dell'aria che, a contatto con il materiale costruttivo, si raffredda naturalmente. Inoltre, il materiale dei blocchi assorbe calore lentamente e lo rilascia in modo graduale: ci\u00f2 permette di mantenere una temperatura interna stabile e mitigata. Il comfort interno \u00e8 ottenuto anche dal riempimento dei blocchi cavi con materiale inerte, al fine di permettere la condensazione del vapore acqueo, contribuendo a un ambiente pi\u00f9 salubre. Sotto il profilo della sostenibilit\u00e0, e in ottica di economia circolare, la scelta progettuale di integrare materiale inerte, derivato da residui di prototipazione \u00e8 cruciale per minimizzare i rifiuti e massimizzare l'utilizzo delle risorse. Il dimostratore si pone quindi come un modello concreto e funzionale di architettura sostenibile e innovativa.<\/p> <p><img src=\"http:\/\/mad.dhitech.it\/wp-content\/uploads\/2026\/01\/Immagine1.png\" alt=\"\" width=\"734\" height=\"91\" \/><\/p>\n<h2>Caratteristiche e funzionalit\u00e0 principali<\/h2> <ul> <li><strong><em>Mitigazione dei rischi legati al calore urbano<\/em><\/strong>: Contrasto efficace dell'Isola di Calore Urbana creando zone d'ombra e riparo.<\/li> <li><strong><em>Design algoritmico<\/em><\/strong>: Geometrie complesse e rastremate ottimizzate con software Rhinoceros\/Grasshopper basate su dati climatici (vento, sole, temperatura).<\/li> <li><strong><em>Raffrescamento passivo<\/em><\/strong>: Ventilazione naturale garantita da fessure tra i blocchi.<\/li> <li><strong><em>Tecnologia innovativa<\/em><\/strong>: Realizzazione tramite stampa 3D LDM (Liquid Deposition Modelling), che permette l'uso di miscele a base di argilla.<\/li> <li><strong><em>Comfort e benessere<\/em><\/strong>: Controllo termo-igrometrico grazie all'inerzia termica del materiale e alla regolazione dell'umidit\u00e0 (condensazione), volto ad assicurare il benessere interno.<\/li> <li><strong><em>Prestazioni elevate<\/em><\/strong>: Ottimo isolamento termico e acustico, resistenza a muffe e lunga durabilit\u00e0.<\/li> <li><strong><em>Economia circolare e sostenibilit\u00e0<\/em><\/strong>: Utilizzo di biomateriali (argilla, lolla di riso e paglia) e integrazione di scarti di produzione\/demolizione.<\/li> <\/ul> <p><img src=\"http:\/\/mad.dhitech.it\/wp-content\/uploads\/2026\/01\/Immagine2.png\" alt=\"\" width=\"1392\" height=\"401\" \/><\/p>\n<p>\u00a0<\/p>\n\n<h3>Corpo illuminante funzionale<\/h3> <p><b><img src=\"http:\/\/mad.dhitech.it\/wp-content\/uploads\/2026\/01\/Immagine1_corpo_illuminante-225x300.png\" alt=\"\" width=\"225\" height=\"300\" \/><\/b><\/p> <p>Corpo illuminante stampato in 3D con tecnica <strong>LDM<\/strong>. Si tratta di un sistema complesso che sfrutta l\u2019alta risoluzione della stampante e permette di dimostrare le potenzialit\u00e0 di questa tecnica anche nel settore dell\u2019architettura e del design. Le malte impiegate sono di tipologia diverse e tra queste la <strong>Scuola Normale Superiore<\/strong> ha sperimentato anche i residui della lavorazione del marmo di Carrara, terre di scavo e marmettola, un <strong>rifiuto industriale<\/strong> che pu\u00f2 essere quindi impiegato anche per la <strong>stampa additiva<\/strong>. Al suo interno un sensore IoT permette di misurare temperatura e umidit\u00e0 e pu\u00f2 fornire dati sul microclima della struttura architettonica stampata dal<strong> POLIBA.<\/strong> La <strong>SNS<\/strong> ha sperimentato anche cariche di nano e micro particelle, che possono indurre diverse tipologie di propriet\u00e0 funzionali alla malta costitutiva e quindi al sistema stampato. Tra queste si segnalano in particolare semi, spore o nutrienti di tipo organico, che possono permettere la crescita di piante sulla superficie del sistema, costituire elemento decorativo o contribuire al microclima della struttura architettonica completa e di cui il corpo illuminante \u00e8 solo una parte decorativa\u00a0 e funzionale.<\/p>\n<p style=\"text-align: center;\"><strong>Realizzato in collaborazione con:<\/strong><\/p> <p><img src=\"http:\/\/mad.dhitech.it\/wp-content\/uploads\/2026\/01\/POLIBA-logo-1024x408-1-300x120.png\" alt=\"\" width=\"300\" height=\"120\" \/><\/p>\n<p>Corpo illuminante, destinato al prototipo architettonico stampato in 3D dal POLIBA, un\u2019oasi stampata totalmente in 3D da collocare in parchi cittadini. Il sistema stampato ad alta risoluzione pu\u00f2 contenere al suo interno una luce LED per illuminare l\u2019ambiente e un sensore IoT di temperatura e umidit\u00e0, che permette il monitoraggio remoto e locale del microclima dell\u2019oasi architettonica.<\/p> <p><img src=\"http:\/\/mad.dhitech.it\/wp-content\/uploads\/2026\/01\/Immagine2_corpo_illuminante.png\" alt=\"\" width=\"1018\" height=\"350\" \/><\/p>\n\n<h3>Dimostratore AMFashUp<\/h3> <p><img src=\"http:\/\/mad.dhitech.it\/wp-content\/uploads\/2025\/11\/Dimostratore-AMFashUP2.jpg\" alt=\"\" width=\"705\" height=\"325\" \/><\/p> <p><b>AMFashUp<\/b>\u00a0si colloca nel settore del\u00a0<b>fashion<\/b>\u00a0e rappresenta un\u00a0<b>accessorio moda indossabile<\/b>, una collana, caratterizzata da un\u00a0<b>design modulare\u00a0<\/b>che permette una\u00a0<b>configurazione personalizzabile<\/b>. AMFashUp \u00e8 pensato per essere\u00a0<b>multi-funzione<\/b>: ogni componente pu\u00f2 interpretare un accessorio differente (es., un pendente). Inoltre, ogni prodotto si distingue per la sua\u00a0<b>unicit\u00e0<\/b>\u00a0considerando la mescola di materiali usati. \u00c8 inoltre un\u00a0<b>prototipo sostenibile<\/b>, in quanto realizzato attraverso\u00a0<b>tecnologia additiva DLP\u00a0<\/b>utilizzando materiali e tessuti derivanti da scarti di produzione annegati in una matrice polimerica.<\/p>\n<p style=\"text-align: center;\"><strong>Realizzato in collaborazione con:<\/strong><\/p> <p><img src=\"http:\/\/mad.dhitech.it\/wp-content\/uploads\/2025\/11\/RossorameAmetlab.png\" alt=\"\" width=\"687\" height=\"172\" \/><\/p>\n<ul> <li>Campo di applicazione: fashion<\/li> <li>Accessorio moda indossabile: collana<\/li> <li>Design modulare<\/li> <li>Configurazione personalizzabile<\/li> <li>Multifunzione\/multi utilizzo<\/li> <li>Unicit\u00e0 per composizione e materiali<\/li> <li>Sostenibile grazie al riuso di scarti di tessuti<\/li> <li>Tecnologia additiva: DLP<\/li> <li>Materiale: resina polimerica + scarti di tessuti<\/li> <li>Digital Product Passport<\/li> <\/ul> <p><img src=\"http:\/\/mad.dhitech.it\/wp-content\/uploads\/2025\/11\/Dimostrazione_modello_AMFashUP-1024x174.png\" alt=\"\" width=\"1024\" height=\"174\" \/><\/p>\n\n<h3>Dimostratore AMpeller<\/h3> <p><img src=\"http:\/\/mad.dhitech.it\/wp-content\/uploads\/2025\/11\/AMpeller1.png\" alt=\"\" width=\"569\" height=\"278\" \/><\/p> <p><b>AMpeller<\/b>\u00a0si colloca nel settore\u00a0<b>oil&amp;gas<\/b>\u00a0e riguarda la realizzazione di una\u00a0<b>girante<\/b>\u00a0per pompe centrifughe, destinata all\u2019impiego in fluidi come l\u2019acqua. La soluzione proposta introduce un approccio innovativo rispetto alle tecniche di produzione tradizionali, grazie all\u2019adozione della tecnologia additiva di\u00a0<b>stereolitografia<\/b>, che consente elevata precisione per geometrie complesse e rapidit\u00e0 nelle fasi di prototipazione e produzione. AMpeller \u00e8 realizzata in\u00a0<b>nylon<\/b>, materiale alternativo ai tradizionali metalli, che permette di ottenere oggetti\u00a0<b>leggeri<\/b>\u00a0e resistenti sotto certe condizioni di lavoro.<\/p> <p style=\"text-align: center;\"><strong>Realizzato in collaborazione con:<\/strong><\/p> <p><img src=\"http:\/\/mad.dhitech.it\/wp-content\/uploads\/2025\/11\/bakerhuges.png\" alt=\"\" width=\"300\" height=\"175\" \/><\/p> <ul> <li>Campo di applicazione: oil &amp; gas<\/li> <li>Girante (componente pompa centrifuga)<\/li> <li>Applicazione in fluidi (acqua)<\/li> <li>Innovativo rispetto a tecniche di produzione tradizionale e materiali usati<\/li> <li>Tecnologia additiva: stereolitografia (SLA)<\/li> <li>Materiale: nylon<\/li> <\/ul> <p>\u00a0<img src=\"http:\/\/mad.dhitech.it\/wp-content\/uploads\/2025\/11\/AMpeller2-1024x195.png\" alt=\"\" width=\"1024\" height=\"195\" \/><\/p>","_links":{"self":[{"href":"https:\/\/mad.dhitech.it\/index.php?rest_route=\/wp\/v2\/pages\/304"}],"collection":[{"href":"https:\/\/mad.dhitech.it\/index.php?rest_route=\/wp\/v2\/pages"}],"about":[{"href":"https:\/\/mad.dhitech.it\/index.php?rest_route=\/wp\/v2\/types\/page"}],"author":[{"embeddable":true,"href":"https:\/\/mad.dhitech.it\/index.php?rest_route=\/wp\/v2\/users\/2"}],"replies":[{"embeddable":true,"href":"https:\/\/mad.dhitech.it\/index.php?rest_route=%2Fwp%2Fv2%2Fcomments&post=304"}],"version-history":[{"count":109,"href":"https:\/\/mad.dhitech.it\/index.php?rest_route=\/wp\/v2\/pages\/304\/revisions"}],"predecessor-version":[{"id":1569,"href":"https:\/\/mad.dhitech.it\/index.php?rest_route=\/wp\/v2\/pages\/304\/revisions\/1569"}],"wp:attachment":[{"href":"https:\/\/mad.dhitech.it\/index.php?rest_route=%2Fwp%2Fv2%2Fmedia&parent=304"}],"curies":[{"name":"wp","href":"https:\/\/api.w.org\/{rel}","templated":true}]}}